es 3 divide 3581?
False
Is 789 a multiple of 31?
False
Does 15 divide 2867?
False
Does 51 divide 4192?
False
Is 7 a factor of 1499?
False
Is 381 even?
False
Does 13 divide 54717?
True
Is 3 a factor of 37?
False
Does 84 divide 4200?
True
Is 24981 a multiple of 119?
False
Is 2844 a multiple of 18?
True
Is 22 a factor of 3916?
True
Is 37 a factor of 648?
False
Does 53 divide 11802?
False
Is 135 a multiple of 5?
True
Does 17 divide 13464?
True
Is 12 a factor of 1704?
True
Is 1494 a multiple of 72?
False
Is 71 a multiple of 4?
False
Is 574 a multiple of 4?
False
Does 56 divide 13384?
True
Is 14 a factor of 2064?
False
Does 17 divide 452?
False
Is 19 a factor of 5453?
True
Does 3 divide 14610?
True
Does 75 divide 30383?
False
Is 3 a factor of 319?
False
Is 153 a factor of 2817?
False
Is 95 a factor of 731?
False
Is 15 a factor of 855?
True
Is 6755 a multiple of 14?
False
Does 15 divide 2730?
True
Does 13 divide 14223?
False
Is 930 a multiple of 31?
True
Is 4 a factor of 312?
True
Is 28364 a multiple of 14?
True
Is 40 a factor of 1000?
True
Does 43 divide 28939?
True
Is 36 a factor of 2039?
False
Is 51 a factor of 2387?
False
Is 690 a multiple of 46?
True
Does 16 divide 60144?
True
Does 3 divide 96?
True
Does 98 divide 60481?
False
Is 15 a factor of 1185?
True
Is 130550 a multiple of 50?
True
Is 31 a factor of 8570?
False
Is 103 a factor of 1733?
False
Does 73 divide 737?
False
Is 19 a factor of 3120?
False
Is 14 a factor of 20214?
False
Is 36 a factor of 4548?
False
Is 7466 a multiple of 36?
False
Is 2730 a multiple of 70?
True
Does 11 divide 4532?
True
Does 10 divide 4140?
True
Is 1240 a multiple of 40?
True
Is 180 a multiple of 36?
True
Does 156 divide 8268?
True
Is 5279 a multiple of 20?
False
Is 7280 a multiple of 13?
True
Is 4 a factor of 312?
True
Is 280 a multiple of 20?
True
Does 152 divide 6055?
False
Is 53641 a multiple of 28?
False
Is 59568 a multiple of 34?
True
Is 48620 a multiple of 167?
False
Is 751 a multiple of 26?
False
Is 34030 a multiple of 166?
True
Is 5 a factor of 23778?
False
Is 13728 a multiple of 78?
True
Is 53 a factor of 636?
True
Is 30390 a multiple of 343?
False
Does 18 divide 2152?
False
Is 708 a multiple of 12?
True
Is 3335 a multiple of 72?
False
Is 28196 a multiple of 19?
True
Is 43 a factor of 1188?
False
Is 12 a factor of 1373?
False
Is 4873 a multiple of 123?
False
Does 23 divide 1955?
True
Does 21 divide 2163?
True
Does 13 divide 95784?
True
Is 2861 a multiple of 35?
False
Is 2660 a multiple of 33?
False
Is 3480 a multiple of 11?
False
Is 66 a factor of 38116?
False
Is 20326 a multiple of 18?
False
Is 27974 a multiple of 197?
True
Is 10 a multiple of 4?
False
Does 12 divide 1752?
True
Does 53 divide 1855?
True
Is 15 a factor of 38751?
False
Is 24 a factor of 20448?
True
Is 8 a factor of 10623?
False
Is 60 a factor of 6812?
False
Is 3290 a multiple of 58?
False
Is 2155 a multiple of 22?
False
Is 14 a factor of 120?
False
Is 19 a factor of 11365?
False
Is 50000 a multiple of 125?
True
Is 7 a factor of 278?
False
Is 14 a factor of 238?
True
Does 27 divide 999?
True
Is 75 a factor of 30425?
False
Is 36306 a multiple of 9?
True
Is 10 a factor of 1650?
True
Is 19 a factor of 76?
True
Is 1092 a multiple of 26?
True
Is 7 a factor of 40?
False
Does 8 divide 5392?
True
Is 7156 a multiple of 16?
False
Is 4824 a multiple of 201?
True
Is 3 a factor of 35?
False
Does 61 divide 27752?
False
Does 26 divide 20124?
True
Is 65 a factor of 9269?
False
Is 40381 a multiple of 14?
False
Is 38701 a multiple of 23?
False
Is 38 a factor of 2988?
False
Does 6 divide 2544?
True
Is 9792 a multiple of 153?
True
Does 23 divide 3082?
True
Is 16 a factor of 283?
False
Is 2960 a multiple of 16?
True
Is 3 a factor of 220?
False
Is 24 a factor of 1937?
False
Does 9 divide 35?
False
Is 21 a factor of 588?
True
Is 92 a multiple of 23?
True
Is 66 a factor of 2046?
True
Does 15 divide 1380?
True
Is 13 a factor of 89645?
False
Is 179 a multiple of 109?
False
Is 21 a factor of 25744?
False
Is 222 a factor of 16650?
True
Is 8 a factor of 2681?
False
Does 37 divide 1009?
False
Does 83 divide 9960?
True
Is 244 a factor of 30046?
False
Is 242 a factor of 15349?
False
Does 105 divide 8085?
True
Is 364 a factor of 27067?
False
Is 10 a factor of 6740?
True
Is 4 a factor of 16?
True
Does 42 divide 168?
True
Is 4 a factor of 8120?
True
Does 11 divide 495?
True
Does 11 divide 115?
False
Does 17 divide 323?
True
Does 2 divide 28?
True
Is 19 a factor of 1585?
False
Does 29 divide 1060?
False
Is 200 a factor of 17769?
False
Is 16 a factor of 460?
False
Is 50 a factor of 1450?
True
Does 17 divide 1853?
True
Is 90 a factor of 29043?
False
Is 6490 a multiple of 55?
True
Does 21 divide 2714?
False
Is 39170 a multiple of 16?
False
Does 191 divide 63555?
False
Is 3 a factor of 2955?
True
Is 123 even?
False
Is 13253 a multiple of 6?
False
Is 55 a factor of 3245?
True
Is 7264 a multiple of 16?
True
Is 36 a factor of 6219?
False
Is 1488 a multiple of 31?
True
Is 2684 a multiple of 193?
False
Is 195 a multiple of 5?
True
Is 18 a factor of 2088?
True
Is 245 a factor of 76195?
True
Is 57190 a multiple of 86?
True
Does 3 divide 408?
True
Does 8 divide 6680?
True
Is 49 a factor of 3138?
False
Does 49 divide 8379?
True
Is 27838 a multiple of 18?
False
Does 185 divide 31080?
True
Is 14 a factor of 281?
False
Is 1238 a multiple of 9?
False
Is 1282 a multiple of 3?
False
Is 64 a factor of 551?
False
Is 532 a multiple of 22?
False
Is 54 a factor of 3888?
True
Does 6 divide 894?
True
Is 32656 a multiple of 13?
True
Does 14 divide 20901?
False
Does 106 divide 31654?
False
Is 549 a multiple of 6?
False
Does 83 divide 2314?
False
Is 7626 a multiple of 62?
True
Is 15 a factor of 95526?
False
Does 9 divide 563?
False
Is 97 a factor of 679?
True
Is 24 a factor of 2349?
False
Is 4 a factor of 1955?
False
Is 4 a factor of 311?
False
Does 13 divide 15613?
True
Is 2201 a multiple of 24?
False
Is 902 a multiple of 8?
False
Is 19 a factor of 599?
False
Is 256 a multiple of 33?
False
Does 41 divide 2078?
False
Is 15 a factor of 9225?
True
Is 53 a factor of 972?
False
Is 578 a multiple of 4?
False
Does 5 divide 43?
False
Does 11 divide 3015?
False
Is 63 a multiple of 3?
True
Is 3137 a multiple of 4?
False
Is 10 a factor of 1080?
True
Is 7 a factor of 995?
False
Is 100 a multiple of 12?
False
Is 180 a multiple of 9?
True
Does 169 divide 4844?
False
Does 6 divide 4290?
True
Is 30062 a multiple of 15?
False
Is 924 a multiple of 11?
True
Does 7 divide 91952?
True
Is 1164 a multiple of 6?
True
Is 24 a factor of 888?
True
Does 56 divide 1533?
False
Does 23 divide 1863?
True
Is 68 a factor of 204?
True
Does 10 divide 61118?
False
Does 52 divide 12116?
True
Does 34 divide 28375?
False
Is 5698 a multiple of 14?
True
Is 58522 a multiple of 29?
True
Is 18 a factor of 4032?
True
Does 6 divide 328?
False
Does 116 divide 2552?
True
Is 5764 a multiple of 131?
True
Is 11 a factor of 9900?
True
Is 3514 a multiple of 20?
False
Is 102 a multiple of 6?
True
Does 106 divide 1802?
True
Does 8 divide 2520?
True
Is 3258 a multiple of 181?
True
Does 31 divide 2436?
False
Does 88 divide 16006?
False
Is 80 a factor of 2727?
False
Is 4550 a multiple of 10?
True
Does 4 divide 28716?
True
Is 24 a factor of 2154?
False
Is 32 a factor of 1775?
False
Is 33017 a multiple of 241?
True
Is 17425 a multiple of 5?
True
Does 56 divide 1064?
True
Does 23 divide 1909?
True
Does 60 divide 1140?
True
Is 139 a factor of 2919?
True
Is 70759 a multiple of 82?
False
Does 15 divide 1032?
False
Is 82 a factor of 4428?
True
Is 1610 a multiple of 70?
True
Does 23 divide 345?
True
Is 4 a factor of 279?
False
Does 29 divide 2523?
True
Is 307 a factor of 23119?
False
Is 2517 a multiple of 51?
False
Does 15 divide 7500?
True
Is 25105 a multiple of 124?
False
Is 19 a factor of 285?
True
Is 11 a factor of 319?
True
Is 41117 a multiple of 9?
False
Is 162 a multiple of 81?
True
Does 10 divide 9660?
True
Does 15 divide 45?
True
Does 9 divide 962?
False
Is 6 a factor of 85?
False
Does 12 divide 1183?
False
Does 7 divide 196?
True
Is 5 a factor of 970?
True
Does 2 divide 1856?
True
Is 930 a multiple of 10?
True
Does 176 divide 10912?
True
Is 13831 a multiple of 11?
False
Does 207 divide 4001?
False
Is 540 a multiple of 18?
True
Does 10 divide 44150?
True
I